512000.
125
Calculate the greatest common divisor of 55685409 and 1482.
741
What is the greatest common factor of 139722088 and 3784?
88
Calculate the highest common factor of 150 and 192853475.
25
What is the highest common divisor of 63024830 and 40?
10
What is the highest common factor of 10571092 and 143612?
6244
Calculate the highest common divisor of 154600 and 7958808.
6184
Calculate the greatest common factor of 17677 and 12364.
11
Calculate the greatest common factor of 6711 and 6265837.
2237
What is the greatest common factor of 30012 and 53436?
732
What is the highest common factor of 46956 and 4255524?
1092
Calculate the highest common divisor of 799 and 2188414.
47
What is the greatest common divisor of 55 and 1303285115?
55
Calculate the greatest common divisor of 1832228 and 52.
4
Calculate the greatest common factor of 131670 and 155331.
99
Calculate the highest common factor of 1000692770 and 154.
154
Calculate the highest common divisor of 1596 and 315525.
21
Calculate the greatest common divisor of 2723942 and 2704.
338
Calculate the greatest common divisor of 4155870 and 930.
30
Calculate the highest common divisor of 72 and 3640872.
24
Calculate the highest common divisor of 19276 and 802324.
316
What is the greatest common divisor of 19923269 and 85?
17
Calculate the highest common divisor of 4092 and 17253192.
132
Calculate the highest common factor of 7714 and 71543290.
406
What is the greatest common factor of 10171785 and 30?
15
What is the highest common factor of 84688 and 294800?
1072
What is the highest common factor of 10464 and 1416?
24
Calculate the greatest common factor of 40 and 4059540.
20
Calculate the highest common divisor of 1285029 and 7029.
639
What is the greatest common factor of 245 and 711641?
7
Calculate the highest common factor of 26462100 and 10500.
2100
What is the highest common factor of 30360 and 506253?
759
What is the greatest common divisor of 2994 and 1959120906?
2994
What is the highest common factor of 702464 and 5747?
7
Calculate the greatest common divisor of 443642040 and 160.
40
What is the highest common divisor of 6947950 and 5?
5
What is the highest common divisor of 15121460 and 934?
934
What is the greatest common divisor of 35342475 and 4564?
1141
What is the greatest common factor of 296 and 1015524?
4
What is the greatest common divisor of 150189 and 48?
3
Calculate the highest common factor of 5304 and 45235776.
408
What is the highest common factor of 428424381 and 759?
759
Calculate the highest common divisor of 3096 and 7719704.
344
Calculate the greatest common divisor of 166729094 and 8.
2
Calculate the highest common divisor of 8 and 1614492160.
8
Calculate the greatest common factor of 16377489 and 36.
9
Calculate the greatest common divisor of 36625716 and 27.
27
What is the highest common divisor of 2173 and 217136?
41
Calculate the greatest common divisor of 65248 and 3411247.
2039
What is the highest common factor of 7240 and 816310?
1810
What is the greatest common divisor of 7013442 and 6024?
1506
What is the greatest common factor of 35358496 and 160?
32
Calculate the greatest common divisor of 1174297 and 1450.
29
What is the greatest common factor of 2853162 and 11817?
117
What is the highest common factor of 2288 and 4469296?
208
What is the highest common divisor of 720 and 1798800?
240
Calculate the greatest common factor of 6456 and 51384.
24
Calculate the highest common factor of 2247596 and 286.
26
Calculate the highest common factor of 26795 and 7430.
5
Calculate the greatest common divisor of 74151394 and 8564.
4282
Calculate the highest common divisor of 6530 and 5319338.
1306
Calculate the greatest common divisor of 102809291 and 39.
13
Calculate the greatest common divisor of 81 and 24886683.
81
What is the highest common divisor of 10038 and 9852?
6
Calculate the greatest common factor of 2289618 and 126.
18
What is the greatest common divisor of 170282504 and 12152?
1736
Calculate the greatest common factor of 16510 and 2386330.
1270
What is the highest common factor of 61207 and 1561094?
631
What is the greatest common divisor of 1141665 and 12183?
393
Calculate the greatest common factor of 1333103 and 562028.
3427
Calculate the highest common divisor of 2090 and 31488985.
1045
What is the highest common factor of 61152 and 791448?
1176
Calculate the greatest common factor of 1191806 and 40984.
218
What is the greatest common divisor of 2807 and 154014?
7
Calculate the greatest common factor of 4524 and 129455768.
1508
Calculate the highest common factor of 13271 and 677764.
23
Calculate the greatest common divisor of 12259621 and 2162.
1081
Calculate the highest common divisor of 66 and 12554025.
33
Calculate the greatest common divisor of 248110 and 82782190.
5770
Calculate the greatest common factor of 122581 and 1209245.
3313
Calculate the greatest common divisor of 516 and 159301068.
516
What is the greatest common divisor of 1624 and 12843656?
56
Calculate the highest common divisor of 14764564 and 776.
388
What is the highest common divisor of 191952 and 216978?
258
What is the highest common divisor of 1149162 and 83118?
42
What is the highest common factor of 78341382 and 126?
126
Calculate the greatest common divisor of 147208335 and 10.
5
Calculate the highest common factor of 1504035 and 187785.
1755
Calculate the highest common divisor of 89561691 and 27.
9
Calculate the highest common divisor of 730541 and 53873.
17
What is the greatest common factor of 47986848 and 144?
144
Calculate the highest common divisor of 73773766 and 33.
11
Calculate the greatest common factor of 88 and 5681229928.
88
What is the highest common divisor of 1302 and 614069421?
651
What is the highest common factor of 6 and 54373336?
2
Calculate the greatest common factor of 15363 and 260280.
27
Calculate the highest common divisor of 12 and 2150556.
12
What is the greatest common divisor of 43904604 and 2460?
492
What is the greatest common divisor of 304448 and 42048?
64
What is the highest common divisor of 1943 and 391012?
67
What is the greatest common divisor of 2137750 and 12?
2
What is the highest common factor of 208833 and 11?
1
Calculate the highest common factor of 16 and 33310856.
8
Calculate the highest common factor of 1892 and 9344244.
172
Calculate the greatest common divisor of 31 and 744277.
1
Calculate the greatest common divisor of 68552 and 132484.
44
Calculate the highest common factor of 2541429 and 110.
11
What is the greatest common factor of 14519262 and 949?
73
What is the highest common divisor of 54 and 559446?
6
What is the highest common factor of 14027 and 188097?
169
What is the greatest common divisor of 624316638 and 339?
339
Calculate the highest common divisor of 51144689 and 3405.
227
What is the greatest common divisor of 35873 and 16899894?
1237
Calculate the highest common factor of 1227 and 1608351191.
409
What is the greatest common factor of 546 and 7613697?
273
Calculate the highest common divisor of 34688064 and 1248.
96
Calculate the greatest common divisor of 148219 and 8113.
19
Calculate the greatest common divisor of 1512 and 78662304.
504
Calculate the greatest common factor of 97657824 and 528.
528
Calculate the greatest common divisor of 630 and 153863370.
90
Calculate the greatest common divisor of 826462683 and 27.
27
Calculate the greatest common divisor of 34169 and 547033.
47
What is the highest common factor of 386694 and 40986?
1782
Calculate the highest common factor of 13290876 and 4824.
36
What is the highest common factor of 63999509 and 289?
17
Calculate the highest common factor of 231 and 44530773.
21
Calculate the highest common factor of 2600039 and 221.
13
What is the greatest common divisor of 2667420 and 15372?
252
Calculate the greatest common factor of 224 and 2005458.
14
What is the highest common divisor of 9963980 and 16055?
1235
Calculate the highest common factor of 690317 and 15368.
113
Calculate the highest common factor of 76923 and 18333.
189
What is the greatest common factor of 66 and 3436994?
22
What is the highest common divisor of 406744496 and 3012?
1004
What is the highest common divisor of 122 and 4251212366?
122
What is the highest common divisor of 224 and